0 - 16. Let k(g) = 1 + 5*g**2 - 2*g + 2*g**3 - w*g**2 - 4*g**2 + 2. List the prime factors of k(3).
2, 3
Let h(k) = -11*k - 21. Let b be h(-6). Suppose 2*o - 5*g - 116 = -b, g = -3*o + 81. List the prime factors of o.
2, 7
Suppose 13*x - 24583 = -1638. List the prime factors of x.
5, 353
Suppose -5*z + 50 = 5*b, -5*z + 44 = 5*b - 3*b. Let w be 1 + (4 + 1)*1. Suppose -3*x + 2*c - 2 = -z, -3*x + w = -4*c. List the prime factors of x.
2
Suppose 2*r + 26 = 3*r. Let u = -10 + r. Suppose 3*a - 74 = u. List the prime factors of a.
2, 3, 5
Let h = -2 + -30. Let z = 66 + h. What are the prime factors of z?
2, 17
Suppose 5*k - 5*s = 6*k - 238, -3*k + 654 = 3*s. What are the prime factors of k?
3, 71
Let r(a) = 194*a - 212. List the prime factors of r(7).
2, 3, 191
Suppose -5*c = 57*a - 56*a - 1680, 3*a + 3*c = 5016. What are the prime factors of a?
2, 5, 167
Let v(s) = -s**3 - 14*s**2 + 31*s - 33. Let c be v(-16). Let x(t) = t**2 + 16*t + 42. List the prime factors of x(c).
59
Suppose -2*k + 5*i = -1062, 4*i - 769 = -5*k + 1853. List the prime factors of k.
2, 263
Suppose 0 = -3*y - 0*y + 3. Let c(s) = 23*s**2 + 4*s - 5. What are the prime factors of c(y)?
2, 11
Suppose p + o + 127 = 1082, 2835 = 3*p - 3*o. List the prime factors of p.
2, 5, 19
Let u = -135 + 59. Let p = u + 115. What are the prime factors of p?
3, 13
Let w(y) = y**2 + 1. Let b(g) = g**3 + 3*g**2 + g + 9. Let s(o) = b(o) - 6*w(o). Let c be s(2). What are the prime factors of c/((-423)/213 + 2)?
71
Let q = -227 - -698. What are the prime factors of q?
3, 157
Let x(v) = 9*v - 24. What are the prime factors of x(7)?
3, 13
List the prime factors of (1980/50)/(6/15).
3, 11
Suppose 4*m - 12054 = 2*b, 11*m + 4*b = 14*m - 9053. Suppose m + 1587 = 19*j. List the prime factors of j.
2, 11
Suppose 17*o - 5073 = 1710. List the prime factors of o.
3, 7, 19
Let y = -12 - -15. What are the prime factors of (-8)/(-12) + 370/y?
2, 31
What are the prime factors of -2 + -1 + -3 + 12 + 248?
2, 127
Let o(d) = -d - 5. Let f be o(-3). List the prime factors of 3/(9/636) + f.
2, 3, 5, 7
Suppose 16*b - 17597 = -5821. What are the prime factors of b?
2, 23
Let q(r) = -r**3 + 6*r**2 + 7*r + 8. Suppose 3*h = 2*x + 26, -5*h - 9 = -x - 43. List the prime factors of q(h).
2, 5
Suppose -1531 = -10*t + 269. What are the prime factors of t?
2, 3, 5
Suppose -21 = 4*i - 5*a, a = 5*i - 21 + 63. Let z be (1/2)/(i/36). Let h = 11 + z. List the prime factors of h.
3
Let w be (2/(-3))/((-10)/(-195)). Let c = 18 + w. Suppose -5*y = -c*a + 135, 0 = -a - 3*a + 2*y + 98. List the prime factors of a.
2, 11
Let u(c) = -c**3 + 5*c**2 - 4*c. Let p be u(4). Suppose -2*d + 5 + 11 = p. Let o = d - -1. List the prime factors of o.
3
Suppose -4*l = 8*l - 11*l. Suppose -4*t - 4*z + 688 = -l*z, 4*t - 2*z - 700 = 0. List the prime factors of t.
2, 3, 29
Suppose 29 = 5*b - 2*y, 3*b + 3*y + y - 7 = 0. Suppose 10 + 0 = b*l. Let z = 36 + l. What are the prime factors of z?
2, 19
Let i be (145 + 9)*(-1 - 0). Let z = i + 68. Let k = z + 125. List the prime factors of k.
3, 13
Let x = 355 + 11. Suppose 9*p - x = 1011. What are the prime factors of p?
3, 17
Let c = 4 + -26. Let p = c + -6. What are the prime factors of -2*p/10*5?
2, 7
Let q be 3/4 + 9/(-12). Suppose 50 = 2*u - q*u. Suppose -z + 2*n = 3 + 5, -3*n = 5*z - u. What are the prime factors of z?
2
Suppose 10 - 1 = 3*g. Let a be g*(-4)/((-12)/(-39)). Let q = -19 - a. What are the prime factors of q?
2, 5
Let j = 1189 - 481. What are the prime factors of j?
2, 3, 59
Let b(p) = 3*p**2 + 62*p + 38. What are the prime factors of b(-28)?
2, 3, 109
Let w(d) = d + 4. Let y(s) = -s**3 - 6*s**2 - s - 6. Let p be y(-6). Let v be w(p). What are the prime factors of 16 + (-4)/2 + v?
2, 3
Let n(s) = -1254*s + 6. List the prime factors of n(-1).
2, 3, 5, 7
Let l(f) = 2*f - 4. Let q be l(2). Suppose q = -6*r + 786 - 24. List the prime factors of r.
127
Let i(j) = 6*j**2 + 6*j + 4*j**2 + 25 - 8*j**2 - j**2. List the prime factors of i(-4).
17
Let b be 5/(-2)*12/(-15). Let y = b + -3. Let k = 1 - y. List the prime factors of k.
2
Let m be 1088/(-85) - (-1)/(-5). Let a(v) = -v**3 - 13*v**2 - 3*v - 18. What are the prime factors of a(m)?
3, 7
Let g = 96 - 64. Suppose g = 5*b + 3*y - 4, 2*y - 4 = 0. What are the prime factors of (-4)/b + 312/9?
2, 17
Let s(g) = g - 8. Let f be s(9). Let w(a) = 44*a - 1. Let z be w(f). Let x = z - 17. List the prime factors of x.
2, 13
Let o = 32 - 62. List the prime factors of 1 + 25/o + (-1234)/(-12).
103
Suppose -i - 2*w = -1, 2*w = 4*i - i - 19. Suppose 0 = -5*a + i*n, 4*n - n - 3 = 2*a. What are the prime factors of 16 - (a - 0/(-4))?
13
Let g(k) = -k**3 - 6*k**2 - 6*k - 5. Let y be -1 - (2/1 + -5). Let b be 6/(3 + -6 + y). List the prime factors of g(b).
31
Suppose 6*k - k = -1120. Let n = k - -335. Let v = n + -65. List the prime factors of v.
2, 23
Let g be (-1002)/21 - 6/21. Suppose -5*z + 7*z = -12. List the prime factors of (-12)/(z + 2) - g.
3, 17
Let l = 9057 + -3309. What are the prime factors of l?
2, 3, 479
Suppose -2*y = 2*y - 4*b - 28, -3*y - 4*b + 42 = 0. Suppose -5*x = -y*x + 95. Suppose -2*i - 3 + x = 0. List the prime factors of i.
2
Let l(n) = 13*n + 6. Let d be l(-3). Let b = -27 - d. What are the prime factors of b?
2, 3
Suppose 5*o = 4*h - 425, -h = 2*h - 4*o - 318. Let b = h - 27. What are the prime factors of b?
83
Let r = -14 - -19. Suppose -10*s = -r*s - 340. What are the prime factors of s?
2, 17
Let p(g) = 51*g - 100*g + 49*g - 2 + 128*g**2. List the prime factors of p(1).
2, 3, 7
List the prime factors of (-36117)/(-21) - (-49)/343.
2, 5, 43
Let x = -18 - -6. Let n(h) = -8 + 6*h**2 - 6*h - 30*h**2 + 23*h**2 - 11*h. What are the prime factors of n(x)?
2, 13
Suppose -x = 3*t - 381, 4*t + 3*x - 241 = 272. List the prime factors of t.
2, 3, 7
Let s be 5 + -3 + 0/3. Let f be 0 - 0 - (-6)/s. Suppose 6 + f = r. List the prime factors of r.
3
Suppose -4*m + 24 = 4*i, -i + 3*m = -2*i + 8. Let s(q) be the first derivative of q**4/4 - 4*q**3/3 - q**2 + 9*q + 259. What are the prime factors of s(i)?
2, 3
Let p(v) = 10*v - 6. Let d be p(1). Suppose h - 3*h = d, 4*q - 4*h - 44 = 0. What are the prime factors of q?
3
Let c(s) = -s**3 - 9*s**2 - 6*s + 104. What are the prime factors of c(-16)?
2, 3, 83
What are the prime factors of 1162/2 - 4 - 5?
2, 11, 13
Let k = -36 + 36. Suppose 0 = 3*t + 18 + 42. Let p = k - t. What are the prime factors of p?
2, 5
Let p be (0 - (-1)/(-3))*-42. Suppose -4 = 3*s - 1. List the prime factors of s + 3 + p - -3.
19
Let v(i) = 9*i + 21. Let p be 27/6*-2*(-2)/2. What are the prime factors of v(p)?
2, 3, 17
Suppose -2*f + 68 = -4*x + 232, 2*x - 78 = 3*f. Let h = x - 30. List the prime factors of (8/h)/((-4)/(-150)).
5
Let a be (6 - 4) + 0 + 2 + -1. Suppose 4*o - 4*z = 504, -3*z = -a*o + 2*o + 126. What are the prime factors of o?
2, 3, 7
Let k(c) = -23*c. Let w be k(-6). What are the prime factors of (-1)/((-2)/w) + 1?
2, 5, 7
Let t be 5 + -15 + 5 + 5 + 13. Let c = -1 - -2. Let j = t + c. List the prime factors of j.
2, 7
Suppose 0 = i - 2. Suppose 3454 = i*g - 4142. List the prime factors of 2/(-7) + g/63.
2, 3, 5
Let x be 1*(4 + -4)/4. Let m = x + 2. Suppose -m*a + 17 + 27 = y, 4*y - 71 = -3*a. List the prime factors of a.
3, 7
Let b(s) be the third derivative of -s**6/120 - s**5/6 - 5*s**4/12 - 7*s**3/3 + 8*s**2. Let r be b(-10). Let w = r - 47. List the prime factors of w.
3, 13
Suppose 4 = -0*r - 3*r + 4*y, r + 3*y - 16 = 0. Suppose 4*k = 3*k - r. Let j(l) = -l**3 - 2*l**2 + 5*l + 2. What are the prime factors of j(k)?
2, 7
Suppose w + 22 = 4*r + 170, -r - 40 = -w. Let d = 105 + r. List the prime factors of d.
3, 23
Let g(h) be the first derivative of 5/3*h**3 - 4*h**2 - 8 + 1/4*h**4 + 3*h. What are the prime factors of g(3)?
3, 17
Suppose 3*y + 3*f - 3 = 0, 1 = -2*f - 1. Suppose y*c + 2*u + 2*u = 180, 5*c - u = 439. List the prime factors of c.
2, 11
Let f = -14 + 20. Suppose f*c - 4*v = 2*c + 216, v = -4*c + 226. Let d = c + -28. What are the prime factors of d?
2, 7
Let m(f) = -21*f - 21. Let k(z) = -41*z - 41. Let n(l) = -3*k(l) + 7*m(l). What are the prime factors of n(-8)?
2, 3, 7
Let h(j) = -20*j**3 + j**2. Let a be h(-1). Let q = a - 17. Suppose -2*t = -q*w - 38, w = -4*t + 20 + 11. What are the prime factors of t